{"id":450,"date":"2023-05-11T14:54:18","date_gmt":"2023-05-11T14:54:18","guid":{"rendered":"https:\/\/www.mastergreen.ch\/?post_type=product&#038;p=450"},"modified":"2023-08-27T11:19:26","modified_gmt":"2023-08-27T11:19:26","slug":"master-green-extreme","status":"publish","type":"product","link":"https:\/\/www.mastergreen.ch\/?product=master-green-extreme","title":{"rendered":"Master Green Extreme"},"content":{"rendered":"","protected":false},"excerpt":{"rendered":"<p><strong>Avantages<\/strong><strong>\u00a0&amp; propri\u00e9t\u00e9s<\/strong><\/p>\n<ul>\n<li>D\u00e9graissant industriel tr\u00e8s performant con\u00e7u sp\u00e9cialement pour les travaux de d\u00e9graissage des m\u00e9taux ferreux d\u00e9licats ainsi que pour les plastiques et les mat\u00e9riaux composites.<\/li>\n<li>Master Green Extreme est un des rares produit qui peut \u00eatre utilis\u00e9s dans toutes les industries et tous les secteurs sans exception et peut \u00eatre appliqu\u00e9 sur toutes les surfaces lavables.<\/li>\n<\/ul>\n<p><strong>Utilisations<\/strong><\/p>\n<ul>\n<li>Vaporisation<\/li>\n<li>Haute pression<\/li>\n<li>Auto laveuse<\/li>\n<li>Fontaine et bac de lavage<\/li>\n<\/ul>\n<p><strong>Biod\u00e9gradable | Economique | Non dangereux | Sans COV | Ininflammable | Super-concentr\u00e9<\/strong><\/p>\n","protected":false},"featured_media":447,"comment_status":"open","ping_status":"closed","template":"","meta":[],"product_cat":[25,26],"product_tag":[],"class_list":{"0":"post-450","1":"product","2":"type-product","3":"status-publish","4":"has-post-thumbnail","6":"product_cat-industrial-line","7":"product_cat-produits-professionnels","9":"first","10":"instock","11":"shipping-taxable","12":"product-type-simple"},"_links":{"self":[{"href":"https:\/\/www.mastergreen.ch\/index.php?rest_route=\/wp\/v2\/product\/450","targetHints":{"allow":["GET"]}}],"collection":[{"href":"https:\/\/www.mastergreen.ch\/index.php?rest_route=\/wp\/v2\/product"}],"about":[{"href":"https:\/\/www.mastergreen.ch\/index.php?rest_route=\/wp\/v2\/types\/product"}],"replies":[{"embeddable":true,"href":"https:\/\/www.mastergreen.ch\/index.php?rest_route=%2Fwp%2Fv2%2Fcomments&post=450"}],"wp:featuredmedia":[{"embeddable":true,"href":"https:\/\/www.mastergreen.ch\/index.php?rest_route=\/wp\/v2\/media\/447"}],"wp:attachment":[{"href":"https:\/\/www.mastergreen.ch\/index.php?rest_route=%2Fwp%2Fv2%2Fmedia&parent=450"}],"wp:term":[{"taxonomy":"product_cat","embeddable":true,"href":"https:\/\/www.mastergreen.ch\/index.php?rest_route=%2Fwp%2Fv2%2Fproduct_cat&post=450"},{"taxonomy":"product_tag","embeddable":true,"href":"https:\/\/www.mastergreen.ch\/index.php?rest_route=%2Fwp%2Fv2%2Fproduct_tag&post=450"}],"curies":[{"name":"wp","href":"https:\/\/api.w.org\/{rel}","templated":true}]}}